.
7, 113
Let j(l) = 12*l**2 - 9*l + 17. Let w(q) = 6*q**2 - 4*q + 9. Let m(p) = 3*j(p) - 5*w(p). Let u(d) = -d + 7. Let x be u(3). What are the prime factors of m(x)?
2, 37
Let x be (-3)/(2 + 7586/(-3790)). Suppose -16*i + 21*i = x. List the prime factors of i.
379
Suppose 0 = 2*a - 2*k - 2, 0*k = 3*a + 2*k + 12. What are the prime factors of 0 + (a - 3/(-6)*518)?
257
Suppose 15*x - 14*x - 264 = 0. Let q = x - -308. What are the prime factors of q?
2, 11, 13
Let t(x) = -34*x**3 + 7*x**2 - 11*x - 22. Let o be t(-6). Suppose 40*j - 32*j = o. List the prime factors of j.
5, 191
Let o = 7859 - -2078. List the prime factors of o.
19, 523
Let w be ((-17206)/(-35))/(2/5). Suppose w = 18*a - 15*a + 2*n, -3*n + 1233 = 3*a. List the prime factors of a.
11, 37
Suppose -201*t - 30435 = -179*t - 241767. What are the prime factors of t?
2, 3, 1601
Let o be (25 + -5)/(-5) - -8. What are the prime factors of (-1)/((8/(-466))/o)?
233
Let q(p) = 764*p + 155. List the prime factors of q(9).
79, 89
Let f(b) = 299*b + 528. List the prime factors of f(10).
2, 1759
Suppose 14*f = 1115 + 1419. Suppose -f = -k + 633. List the prime factors of k.
2, 11, 37
What are the prime factors of 15 + 22581 + -20 - (4 + -1)?
22573
Let r = 9429 + -7921. What are the prime factors of r?
2, 13, 29
Let h = 599 + 2905. What are the prime factors of h?
2, 3, 73
Let f = 14850 - 9983. List the prime factors of f.
31, 157
Let d(i) = -36*i**3 - 8*i**2 + 53*i + 458. List the prime factors of d(-7).
12043
Let r(p) = p**3 + 21*p**2 + 27. Let k be r(-22). Let i = k - -646. Suppose i = 2*s + 5*b, 5*s - 2*b + 92 = 6*s. List the prime factors of s.
2, 41
Let d(v) = 705*v + 6205. List the prime factors of d(-6).
5, 79
Let j = 61048 - 40660. What are the prime factors of j?
2, 3, 1699
Suppose 5*k + 6*h = 45, 6*k = k + 3*h. Let s be 1/2 - 6/12. Suppose s = 4*f - 4*o - 376, 0 = -k*f - 0*f - o + 290. What are the prime factors of f?
2, 3
Let o(q) = -2*q**2 - q. Let x(l) = 8*l**2 - 22*l + 69. Let k(h) = -5*o(h) - x(h). What are the prime factors of k(-18)?
3, 31
Let l be 6 - 8/((-6)/(-3)). Suppose b - 5*b + 638 = l*n, 4*b + 1609 = 5*n. What are the prime factors of n?
3, 107
Let z = -80732 + 155217. List the prime factors of z.
5, 14897
Let v(b) = 140*b + 1192. List the prime factors of v(25).
2, 3, 17, 23
Suppose -4*d + 310 = -278. What are the prime factors of 5085/(-6)*(-5 - d/(-35))?
2, 3, 113
Let z = -20 + 46. Suppose -29*n = -z*n - 939. List the prime factors of n.
313
Suppose 75*l - 16 = 67*l. Suppose 12*a = 9*a + 2*r + 2312, -l*a = 5*r - 1554. List the prime factors of a.
2, 193
Let x(j) = 44*j - 40. Let u be x(-5). Let s = 397 + u. List the prime factors of s.
137
Suppose -1878*c + 1942*c = 1078336. List the prime factors of c.
7, 29, 83
What are the prime factors of (-8)/(-4) - (11 + 8 + -81584)?
3, 19, 53
Let o = 58004 + -3196. What are the prime factors of o?
2, 13, 17, 31
Suppose 6524 + 2291 = 5*k. Suppose -k - 8478 = -19*v. List the prime factors of v.
7, 11
Let i = 162 - 42. Let p = 119 - i. What are the prime factors of 15 + -15 + (p - -139)?
2, 3, 23
Suppose 3*f + 4*n - 2 = -5, 4*f - n = 15. Suppose 0*c = -5*l - f*c + 9, 5*l - 25 = 5*c. List the prime factors of (6/(-18))/(l/(-873)).
97
What are the prime factors of 2/(-20)*(-57)/(-19) - 330865/(-50)?
13, 509
Let o(p) be the first derivative of -55*p**2 - 48*p + 85. List the prime factors of o(-7).
2, 19
Suppose -s = 3*r + 87 + 32, -2*s - 258 = -4*r. List the prime factors of s/2*(-1892)/110.
5, 43
Suppose -6*l = -1623 - 153. Suppose -2*h + l + 372 = 0. Suppose h = -5*q + 1424. List the prime factors of q.
2, 109
Let z = 27796 + 3023. What are the prime factors of z?
3, 10273
Suppose -5*y = -2*g - 113409, -5*y + 3*g = -11038 - 102378. List the prime factors of y.
22679
Suppose 5*d = -n + 32, 30 = n + d + 2*d. Suppose -22*j = -n*j + 1530. List the prime factors of j.
2, 3, 17
Let d(t) = 41*t**2 - 2*t - 3. Let i be d(-3). Let c = i - 259. What are the prime factors of c?
113
Let q(n) = 29*n**2 - 44*n - 73. What are the prime factors of q(-49)?
2, 3, 83
Suppose 0 = 4*u + d - 3*d - 12, u = 2*d - 3. Suppose -4*q + 1112 = 4*z, 0 = -u*z - 4*q + 1 + 1389. List the prime factors of z.
2, 139
Suppose -52755 = -3*l - 4*f, 0 = -209*l + 207*l - 4*f + 35170. What are the prime factors of l?
5, 3517
Let r(g) = -21*g + 17. Let z be r(5). Let a = z + 83. What are the prime factors of (5 + -21)/(-2) + a?
3
Suppose 2*j = -i - 2*j + 11, -20 = -i + 5*j. Suppose -13*h + i*h = 794. List the prime factors of h.
397
Suppose -g - 6*g + 237330 = 23*g. List the prime factors of g.
3, 293
Let k = 34 - 84. Let s = 76 + -18. Let r = k + s. List the prime factors of r.
2
Let y(h) = -h**3 - 20*h**2 - 130*h + 35. List the prime factors of y(-20).
5, 17, 31
Let t(w) = -w - 5. Let i be 69/(-12) - (27/4)/(-9). Let y be t(i). Suppose y = 5*m - 932 + 297. List the prime factors of m.
127
What are the prime factors of 57158 + (-15 - (-24 - -8))?
3, 29, 73
Let a = -12963 + 39214. List the prime factors of a.
26251
Suppose -42*g = -36*g - 12. Suppose 0 = 2*f - 4*l - 1368, g*f - l = 4*l + 1366. List the prime factors of f.
2, 43
Let x(f) = f**3 + 10*f**2 - 7*f + 40. Let b = -72 + 63. What are the prime factors of x(b)?
2, 23
Suppose -40*d + 1515324 = -7*d - 334755. List the prime factors of d.
7, 8009
List the prime factors of (-4)/(-2) - (-14 - 13149).
5, 2633
Suppose 183*s - 975325 - 927022 = 349651. What are the prime factors of s?
2, 3, 7, 293
Let g = -129 + -1482. Let q = -1091 - g. List the prime factors of q.
2, 5, 13
Suppose 38 = -72*p + 74*p. Suppose 11 = 2*h - p. Let t = h - -96. List the prime factors of t.
3, 37
Let g be ((-24)/(-60))/(4/110). What are the prime factors of (10 - g)/(3/(-3543))?
1181
Let a = 11 + -11. Let r(l) = 2*l + 2. Let y be r(a). Suppose -5*q + 201 = y*z, -5*z - q + 680 = 235. What are the prime factors of z?
2, 11
Let i be (30/(-12))/(5 - 65/12). What are the prime factors of ((-45)/i + -3)*184/(-6)?
2, 7, 23
Suppose -u + 18 = 2*m, u = 3*m + 10 + 3. Let w(v) = 15*v + u*v**2 - 7*v**2 - 41*v**3 - 10 - 4 + 40*v**3. List the prime factors of w(10).
2, 3
List the prime factors of (26 + 1435/(-41))*(721/(-3) + -2).
3, 727
Let a(y) = -2*y - 8. Let d be a(0). Let m = 101 - d. Suppose -p + m = 34. List the prime factors of p.
3, 5
Let k(b) = -217*b**3 - 10*b**2 - 95*b - 771. List the prime factors of k(-7).
5, 14767
Let f(b) = -25*b - 10. Let v be f(-5). Suppose -5*a + 5*z = -420, -119 = -3*a - 3*z + v. Let p = a + -26. List the prime factors of p.
5, 11
Let o(x) = -x + 3. Let y(f) = 16*f - 9. Let h(i) = 6*o(i) + y(i). Let m(v) = -4*v - 9. Let c be m(-4). What are the prime factors of h(c)?
79
List the prime factors of -77358*7/(-21) + (-54)/(-27).
2, 3, 7, 307
Let p be (6 - 4) + 9 - -2. Suppose 4*k - p*k = -6327. Suppose 5*z - k = -178. List the prime factors of z.
3, 5, 7
Let h(l) = l**3 + 2*l**2 + l + 104. Let u = 3 + -2. Let i be ((2 - 3) + u)/1. What are the prime factors of h(i)?
2, 13
Let m(n) = 152*n**2 + 764*n + 57. What are the prime factors of m(13)?
35677
Suppose -5*c - 1 = -4*b - 28, -c + 2*b = -9. Suppose -z = -c*v - 381, -5*z + 1933 = -3*v + 2*v. List the prime factors of z.
3, 43
List the prime factors of 6497974/182 - ((-37)/13 - -3).
3, 3967
Suppose -3*b + 45 = -o, -3*o - 22 - 15 = -2*b. Suppose -6*h - h + b = 0. Suppose g = 4*x + 72, -2*g + 4*g - h*x - 126 = 0. What are the prime factors of g?
2, 3, 5
Let q = 8 + -5. Let j be (-4 + 1)*q/(-9). Let m = j + 64. What are the prime factors of m?
5, 13
Let f be (-4 + 1 - 1) + -7 + -276. Let k = 727 + f. What are the prime factors of k?
2, 5, 11
Suppose -6496 = 9*y - 52. Let p = y - -1169. List the prime factors of p.
3, 151
Let r(u) = -568*u + 72. Let y = -515 + 514. What are the prime factors of r(y)?
2, 5
Let g = 73 - 76. Let p(z) = -112*z + 7. List the prime factors of p(g).
7
Suppose -4*j = 3*p - 6068 - 2520, 14270 = 5*p - 2*j. Suppose -147*r + 139*r + p = 0. List the prime factors of r.
3, 7, 17
Let p = 129 - 124. Suppose -p*c + c = -2380. List the prime factors of c.
5, 7, 17
Suppose -2*u = 12*u - 154. Suppose 8056 = u*d + 2270. List the prime factors of d.
2, 263
Suppose 49 = -b + 3. Let c(p) = -p - 10. Let k be c(-6). What are the prime factors of 23/b - 142/k?
5, 7
Let b(c) =